 of y and 19.
19
Let c(s) = 9*s + 15. Let i = 56 + -53. Let t be c(i). Let u(h) = -h**3 - 6*h**2 - 5*h - 2. Let l be u(-6). Calculate the greatest common factor of l and t.
14
Suppose 4*g - 2*v = 2*v + 896, 2*v + 1120 = 5*g. Let w = -5833 + 5861. What is the greatest common factor of g and w?
28
Let w be (-2)/(-2)*1 - -5. Let t be (4/w)/(4/(-6)). Let u(m) = -16*m**3 - 2*m**2 - 2*m - 1. Let z be u(t). Calculate the greatest common factor of 165 and z.
15
Let t = -1 - -11. Suppose -12 = 3*f, 5*n = 2*f - f + 4. Let v(a) = a**2 + 2*a + 40. Let r be v(n). Calculate the highest common factor of t and r.
10
Suppose -46 = -y - y. Suppose -4*w + 39 = p - 38, -w + y = 4*p. Let b be (3*4/(-18))/(42/(-5985)). Calculate the highest common factor of w and b.
19
Suppose 26*w = 2*w + 720. Calculate the highest common divisor of 75 and w.
15
Let n(l) = -16*l. Let y be n(-6). Let b = y + -95. Calculate the highest common factor of b and 11.
1
Let b(r) = 6*r**3 - 78*r**2 - r + 28. Let u be b(13). What is the highest common divisor of 1545 and u?
15
Let x = -469 + 493. Calculate the greatest common divisor of 33 and x.
3
Suppose 14 = g - 10. Suppose 5*p = -22 - 13. Let v be 3/(((-28)/80)/p). What is the greatest common divisor of v and g?
12
Let w be (-110 + 5)*10/(-30). Calculate the greatest common factor of w and 10.
5
Let u = 1813 + -1809. What is the highest common factor of u and 228?
4
Let g be (10/(-8))/((-1)/4). Let c be (-2)/(-10) - (-49)/g. Let v be (2 - 4) + 8 - -104. What is the highest common divisor of c and v?
10
Suppose -99 = -16*l + 7*l. Calculate the greatest common divisor of l and 242.
11
Let f(h) = 25*h - 11. Let y be (-15)/(-20) - (-1)/(4 + 0). Let p be f(y). Calculate the greatest common divisor of 238 and p.
14
Let u(w) = -w**2 + 22*w + 4. Let i be u(20). Suppose 44*l = 33*l + i. Suppose 0 = 5*o - 5*k - 0*k, 5 = 5*k. What is the highest common divisor of l and o?
1
Let j(t) = -75*t + 3. Let h be j(1). Let l = -22 - h. Calculate the greatest common divisor of 450 and l.
50
Let t = 164 + -160. Let j(o) = -2*o - 12. Let r be j(-8). Let n be (2/r)/(2/128). Calculate the greatest common divisor of t and n.
4
Let z = -40 + 45. Suppose 0 = -7*k + z*k + 44. Calculate the highest common divisor of 99 and k.
11
Suppose -2*c = 4*h - 108, 0*h = -2*h - 4*c + 48. What is the greatest common factor of h and 448?
28
Suppose -5*x - 20 = -2*d, 10*d + 4*x + 7 = 11*d. What is the greatest common factor of d and 405?
15
Let k(s) = s**3 - s**2 - s + 5. Let d be k(4). Let b = -143 + 150. What is the greatest common factor of b and d?
7
Let w(o) = -142*o + 1730. Let r be w(12). Calculate the greatest common divisor of r and 3549.
13
Suppose -b + 3*b - 3*m = 45, 2*b - 5*m = 51. Let h(y) = -y**3 + 17*y**2 + 25*y - 27. Let s be h(b). Calculate the highest common divisor of 11 and s.
11
Let s(d) = -6*d - 3. Let x be s(-3). Let k(g) = g**3 + 8*g**2 + 7*g + 6. Let j be k(-7). Let o be 24/18 + 22/j. What is the highest common divisor of x and o?
5
Let o be (2/(-5))/((-2)/10) - -334. Let a = 40 + 8. Calculate the highest common divisor of a and o.
48
Let u = 35 + -32. Suppose 5*s - u*j - 255 = 2*j, -5*s + 220 = 2*j. What is the highest common divisor of s and 69?
23
Suppose -8 = -2*s - 4*a, 48 = 4*s + 4*a + 16. What is the greatest common divisor of 96 and s?
12
Let j be (-3)/1 - (1 + -103). Calculate the highest common factor of 18 and j.
9
Let s = -1714 - -1758. Calculate the greatest common factor of 2244 and s.
44
Let j be 2754/68 + 12/8. Let u = -2 - 4. Let w(d) = 2*d**2 - 6*d - 3. Let o be w(u). Calculate the highest common factor of o and j.
21
Suppose y + j - 74 = 0, j + 70 = y + 3*j. Let f(z) = -z**3 + 10*z**2 - 12*z - 1. Let c be f(3). What is the greatest common factor of c and y?
26
Suppose -40 = -0*h - h. Suppose 6 = 2*c + 2. Let t be (-22)/(-4) + (-1)/c. What is the highest common factor of t and h?
5
Let k = 13 - -32. Let l = -10 - -19. What is the greatest common divisor of l and k?
9
Suppose -26*s = -15*s - 5808. What is the greatest common divisor of 32 and s?
16
Suppose 7*j = -15*j + 242. Calculate the highest common factor of 121 and j.
11
Let q(m) = -2*m**2 + 16*m - 27. Let v be q(5). What is the greatest common divisor of 159 and v?
3
Suppose -2782 = 2*p - 2872. Let l(c) = -c**3 - 8*c**2 - 6*c - 1. Let w be l(-6). Let f = w + p. Calculate the greatest common factor of 20 and f.
4
Suppose 51*l = -91*l + 9940. Suppose m = 12 + 2. What is the highest common factor of m and l?
14
Suppose 20*w - 171 = 769. Calculate the highest common divisor of w and 1.
1
Let y = -88 - -132. Suppose 4*u - 8*u = -y. Calculate the greatest common factor of u and 33.
11
Let n(a) = 2*a - 12. Let y(u) = u**3 - 9*u**2 + 11. Let m be y(9). Let v be n(m). Let f = v - 0. Calculate the highest common divisor of 4 and f.
2
Suppose 0 = -52*d + 45*d + 483. What is the highest common divisor of 138 and d?
69
Let u(i) = -4*i + 48. Let l be u(-21). Calculate the highest common factor of l and 330.
66
Suppose -3*o = 4*x - 697, -x - 8*o = -7*o - 175. What is the highest common factor of 8 and x?
4
Let b = 1217 + -1211. Let a(v) = 10*v - 2. Let n = 18 + -13. Let i be a(n). Calculate the highest common factor of i and b.
6
Let a be (-232)/(-40) + (-8)/10. Let j = a - -9. Calculate the highest common divisor of j and 98.
14
Suppose 0 = 2*k + 7 - 107. Let p(d) = -239*d + 976. Let s be p(4). Calculate the highest common factor of k and s.
10
Suppose -4*x + 5*x = 176. Suppose 0 = -4*b + 4*z + 276, -4*b + x = 4*z - 76. What is the greatest common divisor of 22 and b?
22
Let d(m) be the third derivative of m**6/120 + 2*m**5/15 + 7*m**4/24 - 7*m**3/2 + 23*m**2. Let u be d(-6). Calculate the greatest common divisor of 36 and u.
9
Let i = 347 + -345. What is the highest common divisor of 38 and i?
2
Suppose t = 3*t + 4. Let b be t/9 - (-20)/9. Suppose b = n - 0*n. What is the greatest common divisor of 5 and n?
1
Let p(m) = m**3 + 7*m**2 - 9*m - 5. Let a be p(-8). Suppose 0*b + 273 = a*b. Let j = 15 + -2. What is the greatest common divisor of j and b?
13
Suppose 0 = 4*i - 2*z - 49 + 15, 2*z + 13 = i. Let k be 1/(-7) + 3/(-42)*-786. What is the greatest common divisor of i and k?
7
Let g(t) = -11*t**3 - 2*t**2 - 7*t - 5. Let n be g(-2). Suppose -11*r + n = 1. Calculate the highest common divisor of 32 and r.
8
Suppose -268*a = -270*a + 68. Calculate the highest common divisor of 17 and a.
17
Suppose 0 = -3*m + 2*z + 41, -1 = 3*z + 2. Let w = 43 + 22. What is the highest common factor of m and w?
13
Let n be ((-4)/(-10))/((-2)/(-10)). Suppose -n*a + 15 = 3*a, -p + 5*a = 0. Let r = p - -13. Calculate the greatest common divisor of r and 140.
28
Let g(c) = 2*c - 12. Let m be g(6). Suppose o - 18 + 5 = m. What is the greatest common divisor of o and 91?
13
Suppose 0 = 42*b + 297 - 1179. Let n(d) = 3*d + 3. Let z be n(6). Calculate the highest common divisor of b and z.
21
Suppose -39*b + 47*b - 2088 = 0. Calculate the greatest common divisor of b and 9.
9
Let o = -141 + 345. Calculate the highest common factor of 12 and o.
12
Let c(s) = 20*s - 124. Let x be c(21). What is the highest common factor of x and 111?
37
Let z be (-1 + 2)/(1*(-5)/(-110)). Calculate the highest common factor of 12 and z.
2
Let f be (3/(-6))/(1/(-16)). Suppose -32 = -5*p + 4*u, 0*p - 5*u = -2*p + 6. Calculate the highest common divisor of f and p.
8
Let y(t) = 12*t - 119. Let o be y(10). Let f(a) = -a**3 - a**2 + 1. Let m be f(-2). What is the greatest common divisor of m and o?
1
Let v(h) = -h**2 - 6*h + 5. Let w be v(-5). Let d be w/(2/6*2). What is the highest common factor of 25 and d?
5
Suppose -4*t + 4 + 45 = 5*q, -q + 33 = -5*t. Calculate the highest common factor of q and 1157.
13
Let q be ((-13)/2 - 2)*2. Suppose -3*p + 5*i = -7*p - 162, -3*i - 6 = 0. Let t = q - p. Calculate the greatest common factor of t and 14.
7
Let n(k) = -23*k + 1. Let d be n(-4). Let c = 139 - d. What is the greatest common factor of 115 and c?
23
Suppose 6*h = 4*h - 16. Let s(w) = w**2 - 4*w + 4. Let k be s(h). Let g = k + -64. What is the highest common factor of g and 36?
36
Let x be 1 + (30/3 + 1)*5. Calculate the greatest common divisor of 70 and x.
14
Let l(r) = -7*r**2 - 48*r + 11. Let i be l(-7). What is the greatest common diviso